{"id":7,"date":"2014-01-29T23:33:10","date_gmt":"2014-01-29T23:33:10","guid":{"rendered":"http:\/\/utopian-studies.org\/conference2014\/?page_id=7"},"modified":"2014-06-04T00:00:36","modified_gmt":"2014-06-04T00:00:36","slug":"call-for-papers","status":"publish","type":"page","link":"https:\/\/utopian-studies.org\/conference2014\/call-for-papers\/","title":{"rendered":"Call for Papers"},"content":{"rendered":"<p><a href=\"http:\/\/utopian-studies.org\/conference2014\/files\/2014\/01\/MontrealCFPFULL-July-15-2014-deadline.pdf\">*Click here to download the SUS 2014 CFP<\/a><\/p>\n<p align=\"center\">THE SOCIETY FOR UTOPIAN STUDIES<\/p>\n<p align=\"center\">39th Annual Meeting<\/p>\n<h1 align=\"center\"><strong>Global Work and Play<\/strong><\/h1>\n<p align=\"center\">\u00a023-26 October 2014<\/p>\n<p align=\"center\">Delta Montr\u00e9al<br \/>\n475, Avenue Pr\u00e9sident Kennedy<br \/>\nMontr\u00e9al, Canada<\/p>\n<p align=\"center\">\u00a0<a href=\"http:\/\/utopian-studies.org\/conference2014\">http:\/\/utopian-studies.org\/conference2014<\/a><\/p>\n<p><strong>Confirmed Keynotes:<\/strong><br \/>\n<strong>McKenzie Wark<\/strong>, Professor of Media and Cultural Studies, The New School<\/p>\n<p>Utopias have nowhere left to hide in an era of global capital and information flows. Imagining the perfect society means envisioning global as much as, or more than, national or local change. Labor is transformed as heavy industry relentlessly relocates. Post-industrial refugees chase immaterial wealth flowing across borders that are porous for information and capital, but not for bodies. Even leisure becomes work when corporations mine Twitter and Facebook for content to monetize, while gamifying daily life. Under such conditions, visualizing a utopian balance of work and play grows both more difficult and more urgent.<\/p>\n<p>Papers are welcome on all aspects of the utopian tradition, from the earliest utopian visions to the utopian speculations and yearnings of the 21st century, including art, architecture, urban and rural planning, literary utopias, dystopian writings and films, utopian political activism, theories of utopian spaces and ontologies, music, new media, and intentional communities. We especially welcome papers and panels on games, gamers and gamification; utopian and dystopian aspects of globalization; and non-Western utopian traditions.<\/p>\n<p>Additionally, we are introducing a new <em>poster and demonstration <\/em>track. We invite abstracts for presentations featuring interactive games, apps, digital artifacts, tools, projects, websites, or works in progress with a utopian or dystopian dimension. Those invited to participate will be given a backdrop and table for a poster and\/or computer in our exhibition hall. Indie developers and digital humanists are especially welcome.<\/p>\n<p>Abstracts of up to 250 words are <strong>due 15 July 2014,<\/strong> and may be for:<\/p>\n<ul>\n<li><strong>a 15-20 minute paper<\/strong><\/li>\n<li><strong>a panel<\/strong>: include a title, designated Chair, an abstract for the panel and for each of 3-4 papers<\/li>\n<li><strong>an informal roundtable<\/strong> of 3-6 presenters, or a combination of presenters and respondents<\/li>\n<li><strong>a presentation or performance<\/strong> of a utopian creative work or artifact<\/li>\n<li><strong>a poster and\/or demo<\/strong><\/li>\n<\/ul>\n<p>Please use our online forms for submissions by <a title=\"Submit a Proposal\" href=\"http:\/\/utopian-studies.org\/conference2014\/submit-a-proposal\/\">clicking &#8220;Submit a Proposal&#8221;<\/a> on the this conference site.<\/p>\n<p>*<strong>All submissions must include 3-5 keywords<\/strong> to assist in forming cohesive panels. The official language of the conference is English.<\/p>\n<p>For information about registration, travel or accommodations, please contact Brian Greenspan, <a href=\"mailto:brian.greenspan@carleton.ca\">brian.greenspan@carleton.ca<\/a>.<\/p>\n<p>For information about panel topics, assistance finding co-panelists, and other questions about the conference, please contact Peter Sands, <a href=\"mailto:sands@uwm.edu\">sands@uwm.edu<\/a>.<\/p>\n","protected":false},"excerpt":{"rendered":"<p>*Click here to download the SUS 2014 CFP THE SOCIETY FOR UTOPIAN STUDIES 39th Annual Meeting Global Work and Play \u00a023-26 October 2014 Delta Montr\u00e9al 475, Avenue Pr\u00e9sident Kennedy Montr\u00e9al, Canada \u00a0http:\/\/utopian-studies.org\/conference2014 Confirmed Keynotes: McKenzie Wark, Professor of Media and &hellip; <a href=\"https:\/\/utopian-studies.org\/conference2014\/call-for-papers\/\">Continue reading <span class=\"meta-nav\">&rarr;<\/span><\/a><\/p>\n","protected":false},"author":1,"featured_media":0,"parent":0,"menu_order":0,"comment_status":"closed","ping_status":"open","template":"","meta":{"_monsterinsights_skip_tracking":false,"_monsterinsights_sitenote_active":false,"_monsterinsights_sitenote_note":"","_monsterinsights_sitenote_category":0,"jetpack_post_was_ever_published":false,"footnotes":""},"class_list":["post-7","page","type-page","status-publish","hentry"],"jetpack_shortlink":"https:\/\/wp.me\/P4mImh-7","jetpack_sharing_enabled":true,"_links":{"self":[{"href":"https:\/\/utopian-studies.org\/conference2014\/wp-json\/wp\/v2\/pages\/7","targetHints":{"allow":["GET"]}}],"collection":[{"href":"https:\/\/utopian-studies.org\/conference2014\/wp-json\/wp\/v2\/pages"}],"about":[{"href":"https:\/\/utopian-studies.org\/conference2014\/wp-json\/wp\/v2\/types\/page"}],"author":[{"embeddable":true,"href":"https:\/\/utopian-studies.org\/conference2014\/wp-json\/wp\/v2\/users\/1"}],"replies":[{"embeddable":true,"href":"https:\/\/utopian-studies.org\/conference2014\/wp-json\/wp\/v2\/comments?post=7"}],"version-history":[{"count":12,"href":"https:\/\/utopian-studies.org\/conference2014\/wp-json\/wp\/v2\/pages\/7\/revisions"}],"predecessor-version":[{"id":65,"href":"https:\/\/utopian-studies.org\/conference2014\/wp-json\/wp\/v2\/pages\/7\/revisions\/65"}],"wp:attachment":[{"href":"https:\/\/utopian-studies.org\/conference2014\/wp-json\/wp\/v2\/media?parent=7"}],"curies":[{"name":"wp","href":"https:\/\/api.w.org\/{rel}","templated":true}]}}